{"id":294,"date":"2020-10-07T08:55:24","date_gmt":"2020-10-07T06:55:24","guid":{"rendered":"http:\/\/tiphaniesaiman.com\/?page_id=294"},"modified":"2020-10-21T16:58:20","modified_gmt":"2020-10-21T14:58:20","slug":"faire-vivre-son-discours","status":"publish","type":"page","link":"https:\/\/tiphaniesaiman.com\/index.php\/faire-vivre-son-discours\/","title":{"rendered":"Faire vivre son discours"},"content":{"rendered":"\n<p><strong>Coaching individuel<\/strong> : 1H <\/p>\n\n\n\n<figure class=\"wp-block-image size-large is-resized\"><img loading=\"lazy\" decoding=\"async\" src=\"http:\/\/tiphaniesaiman.com\/wp-content\/uploads\/2020\/10\/Faire-vivre-son-discours-1-1024x992.jpg\" alt=\"\" class=\"wp-image-450\" width=\"400\" height=\"387\" srcset=\"https:\/\/tiphaniesaiman.com\/wp-content\/uploads\/2020\/10\/Faire-vivre-son-discours-1-1024x992.jpg 1024w, https:\/\/tiphaniesaiman.com\/wp-content\/uploads\/2020\/10\/Faire-vivre-son-discours-1-300x291.jpg 300w, https:\/\/tiphaniesaiman.com\/wp-content\/uploads\/2020\/10\/Faire-vivre-son-discours-1-768x744.jpg 768w, https:\/\/tiphaniesaiman.com\/wp-content\/uploads\/2020\/10\/Faire-vivre-son-discours-1-1536x1488.jpg 1536w, https:\/\/tiphaniesaiman.com\/wp-content\/uploads\/2020\/10\/Faire-vivre-son-discours-1.jpg 1920w\" sizes=\"auto, (max-width: 400px) 100vw, 400px\" \/><\/figure>\n\n\n\n<p><span style=\"color:#dc7302\" class=\"has-inline-color\">Ce coaching est fait pour vous si :<br>&#8211; Vous \u00eates amen\u00e9 \u00e0 devoir prendre la parole pour <strong>convaincre votre auditoire<\/strong><br>&#8211; Vous voulez <strong>susciter son int\u00e9r\u00eat<\/strong> et <strong>le faire adh\u00e9rer \u00e0 vos id\u00e9es<\/strong><br>&#8211; Vous avez \u00e0 c\u0153ur de leur <strong>transmettre<\/strong> et de <strong>partager l\u2019\u00e9nergie<\/strong> qui vous anime<\/span><\/p>\n\n\n\n<p><strong>Mais<\/strong> qu\u2019au moment de prendre la parole, il vous arrive :<br>&#8211; De <strong>perdre le fil<\/strong> de ce que vous souhaitez partager (trous de m\u00e9moire, cafouillages, bafouilles\u2026)<br>&#8211; De vous concentrer uniquement sur le fait de \u00ab <strong>r\u00e9citer<\/strong> \u00bb les informations importantes en restant les yeux riv\u00e9s \u00e0 votre pr\u00e9sentation Powerpoint<br>&#8211; De <strong>donner des informations factuelles<\/strong> sans r\u00e9ellement les \u00ab transmettre \u00bb<\/p>\n\n\n\n<p>\u21e8 <span style=\"color:#dc7302\" class=\"has-inline-color\">Ensemble, nous allons apprendre \u00e0 <strong>faire vivre votre discours<\/strong> pour le rendre <strong>impactant<\/strong> aupr\u00e8s de votre public (collaborateurs, partenaires, investisseurs\u2026)<\/span><\/p>\n","protected":false},"excerpt":{"rendered":"<p>Coaching individuel : 1H Ce coaching est fait pour vous<span class=\"more-button\"><a href=\"https:\/\/tiphaniesaiman.com\/index.php\/faire-vivre-son-discours\/\" class=\"more-link\">Continue reading<span class=\"screen-reader-text\">Faire vivre son discours<\/span><\/a><\/span><\/p>\n","protected":false},"author":1,"featured_media":0,"parent":0,"menu_order":0,"comment_status":"closed","ping_status":"closed","template":"","meta":{"footnotes":""},"class_list":["post-294","page","type-page","status-publish","hentry"],"_links":{"self":[{"href":"https:\/\/tiphaniesaiman.com\/index.php\/wp-json\/wp\/v2\/pages\/294","targetHints":{"allow":["GET"]}}],"collection":[{"href":"https:\/\/tiphaniesaiman.com\/index.php\/wp-json\/wp\/v2\/pages"}],"about":[{"href":"https:\/\/tiphaniesaiman.com\/index.php\/wp-json\/wp\/v2\/types\/page"}],"author":[{"embeddable":true,"href":"https:\/\/tiphaniesaiman.com\/index.php\/wp-json\/wp\/v2\/users\/1"}],"replies":[{"embeddable":true,"href":"https:\/\/tiphaniesaiman.com\/index.php\/wp-json\/wp\/v2\/comments?post=294"}],"version-history":[{"count":3,"href":"https:\/\/tiphaniesaiman.com\/index.php\/wp-json\/wp\/v2\/pages\/294\/revisions"}],"predecessor-version":[{"id":452,"href":"https:\/\/tiphaniesaiman.com\/index.php\/wp-json\/wp\/v2\/pages\/294\/revisions\/452"}],"wp:attachment":[{"href":"https:\/\/tiphaniesaiman.com\/index.php\/wp-json\/wp\/v2\/media?parent=294"}],"curies":[{"name":"wp","href":"https:\/\/api.w.org\/{rel}","templated":true}]}}