{"id":33,"date":"2020-10-01T14:43:06","date_gmt":"2020-10-01T12:43:06","guid":{"rendered":"http:\/\/tiphaniesaiman.com\/?page_id=33"},"modified":"2020-10-26T11:31:07","modified_gmt":"2020-10-26T10:31:07","slug":"lacher-prise-corpo-vocal","status":"publish","type":"page","link":"https:\/\/tiphaniesaiman.com\/","title":{"rendered":"MON COACHING"},"content":{"rendered":"\n<div class=\"wp-block-image is-style-default\"><figure class=\"alignleft size-large is-resized\"><img loading=\"lazy\" decoding=\"async\" src=\"http:\/\/tiphaniesaiman.com\/wp-content\/uploads\/2020\/10\/worship-4088561_1920-1-1024x683.jpg\" alt=\"\" class=\"wp-image-81\" width=\"596\" height=\"397\" srcset=\"https:\/\/tiphaniesaiman.com\/wp-content\/uploads\/2020\/10\/worship-4088561_1920-1-1024x683.jpg 1024w, https:\/\/tiphaniesaiman.com\/wp-content\/uploads\/2020\/10\/worship-4088561_1920-1-300x200.jpg 300w, https:\/\/tiphaniesaiman.com\/wp-content\/uploads\/2020\/10\/worship-4088561_1920-1-768x512.jpg 768w, https:\/\/tiphaniesaiman.com\/wp-content\/uploads\/2020\/10\/worship-4088561_1920-1-1536x1024.jpg 1536w, https:\/\/tiphaniesaiman.com\/wp-content\/uploads\/2020\/10\/worship-4088561_1920-1.jpg 1920w\" sizes=\"auto, (max-width: 596px) 100vw, 596px\" \/><\/figure><\/div>\n\n\n\n<p><\/p>\n\n\n\n<p><strong>JE VOUS PROPOSE UNE APPROCHE CORPO-VOCALE POUR LIB\u00c9RER ET AFFIRMER VOTRE VOIX\/E.<\/strong><\/p>\n\n\n\n<p>J&#8217;ai <strong>une double exp\u00e9rience de chanteuse et cadre impliqu\u00e9e<\/strong> dans des structures exigeantes, notamment dans l\u2019audiovisuel. J&#8217;ai donc une bonne connaissance des impacts du stress sur la voix et le corps.<br>Egalement dot\u00e9e d\u2019un fonctionnement cognitif particulier, je me suis longtemps sentie atypique, m\u00eame si je ne le montrais pas, faisant des efforts pour r\u00e9pondre aux exigences du cadre soci\u00e9tal.<br>Apr\u00e8s un accident d\u00e9terminant en termes de prises de conscience, j&#8217;ai eu besoin de reconnecter c\u0153ur-corps et mental. A la suite de quoi, j&#8217;ai d\u00e9cid\u00e9 de nourrir ma passion de mon exp\u00e9rience professionnelle pour <strong>devenir coach en l\u00e2cher prise et affirmation vocale<\/strong>.<\/p>\n\n\n\n<p>Ma particularit\u00e9 est de <strong>faire le lien entre les tensions corporelles et \u00ab l\u2019appareil vocal \u00bb<\/strong> pour permettre aux particuliers et aux professionnels de <strong>mieux placer leur voix, de lib\u00e9rer leur parole et surtout de vibrer vocalement<\/strong>.<br>Mon accompagnement s&#8217;adresse \u00e0 toutes les personnes d\u00e9sireuses d&#8217;explorer leur voix\/e, que ce soit \u00e0 titre priv\u00e9 ou dans un cadre professionnel, pour chanter, interpr\u00e9ter ses discours&#8230;<\/p>\n\n\n\n<figure class=\"wp-block-pullquote alignright\"><blockquote><p>Pour vous accompagner, je m\u00e9lange des techniques de chant, de respiration et d&#8217;art-th\u00e9rapie afin de vous permettre de vibrer vocalement ! <\/p><\/blockquote><\/figure>\n\n\n\n<p><\/p>\n","protected":false},"excerpt":{"rendered":"<p>JE VOUS PROPOSE UNE APPROCHE CORPO-VOCALE POUR LIB\u00c9RER ET AFFIRMER<span class=\"more-button\"><a href=\"https:\/\/tiphaniesaiman.com\/\" class=\"more-link\">Continue reading<span class=\"screen-reader-text\">MON COACHING<\/span><\/a><\/span><\/p>\n","protected":false},"author":1,"featured_media":0,"parent":0,"menu_order":0,"comment_status":"closed","ping_status":"closed","template":"","meta":{"footnotes":""},"class_list":["post-33","page","type-page","status-publish","hentry"],"_links":{"self":[{"href":"https:\/\/tiphaniesaiman.com\/index.php\/wp-json\/wp\/v2\/pages\/33","targetHints":{"allow":["GET"]}}],"collection":[{"href":"https:\/\/tiphaniesaiman.com\/index.php\/wp-json\/wp\/v2\/pages"}],"about":[{"href":"https:\/\/tiphaniesaiman.com\/index.php\/wp-json\/wp\/v2\/types\/page"}],"author":[{"embeddable":true,"href":"https:\/\/tiphaniesaiman.com\/index.php\/wp-json\/wp\/v2\/users\/1"}],"replies":[{"embeddable":true,"href":"https:\/\/tiphaniesaiman.com\/index.php\/wp-json\/wp\/v2\/comments?post=33"}],"version-history":[{"count":59,"href":"https:\/\/tiphaniesaiman.com\/index.php\/wp-json\/wp\/v2\/pages\/33\/revisions"}],"predecessor-version":[{"id":426,"href":"https:\/\/tiphaniesaiman.com\/index.php\/wp-json\/wp\/v2\/pages\/33\/revisions\/426"}],"wp:attachment":[{"href":"https:\/\/tiphaniesaiman.com\/index.php\/wp-json\/wp\/v2\/media?parent=33"}],"curies":[{"name":"wp","href":"https:\/\/api.w.org\/{rel}","templated":true}]}}